c = 102 - t. Suppose -w = 3*b - 280, 0 = 5*b + w - 183 - 287. Calculate the greatest common divisor of b and c.
19
Let j be (2 + 11)/(4 + (-172)/44). Suppose 4*p - 20 = 3*s + 9, -2*s = -p + 1. What is the highest common factor of j and p?
11
Let r = 1 + 3. Suppose -3*a = -3*v - 264, -9*v + r*v - 356 = -4*a. Let h be 14*((-4)/10 - (-152)/80). What is the highest common factor of h and a?
21
Suppose -o + 12904 = 3*d, -o - 8352 - 244 = -2*d. Calculate the greatest common factor of 100 and d.
100
Suppose -23*i - 2223676 = -310*i. What is the greatest common divisor of i and 416?
52
Let l be (-2)/(-5) + (-1446)/(-10). Let g(n) = -n**3 + 41*n**2 - 17*n + 726. Let r be g(41). What is the greatest common divisor of l and r?
29
Suppose -6*u + 4*i = -5*u + 5, 3*i = -3*u. Let a(r) = -22*r + 7. Let v be a(u). What is the highest common divisor of 725 and v?
29
Let m = 63 + -42. What is the greatest common factor of 138 and m?
3
Let j(x) = 237*x + 1726. Let b be j(20). Calculate the highest common factor of b and 244.
122
Let q(p) = p. Let d be q(4). Let g be (3240/(-288))/(2/(-32)). Suppose -d*j - g = -13*j. What is the greatest common factor of j and 40?
20
Let f = 2446 - 2166. What is the highest common divisor of f and 320?
40
Let k = 14153 + -7295. What is the greatest common factor of 12 and k?
6
Suppose -44 + 74 = 10*x. Suppose -32 = -g - 8*p + 3*p, x*g + 5*p - 46 = 0. What is the highest common divisor of g and 175?
7
Suppose 4*q - 20 = -3*r, 20 = -2*q - 2*r + 32. Suppose 0 = -5*n + 5*b + 260, n - 152 = -2*n + q*b. Calculate the highest common factor of 312 and n.
24
Suppose 92 = 4*v + 4*c, 0*v + 4*v - c - 87 = 0. Let h be v/(-4)*(2 + 1230)/(-14). Calculate the greatest common factor of 33 and h.
11
Let k = 3887 - 3452. What is the highest common divisor of 174 and k?
87
Let q be 8/(48/(-246))*(-22)/(-2). Let w = -440 - q. Calculate the highest common factor of w and 1.
1
Suppose -2*j - 9*v + 152 = 0, -11*j = -12*j + 5*v. Calculate the greatest common divisor of j and 664.
8
Suppose 0 = -4*b + 12*b - 24. Suppose b*j = 4*j - 4. Suppose -5*f = 0, -200 = -7*h + 2*h - j*f. What is the greatest common factor of h and 16?
8
Suppose -404 - 23953 = -3*t + 3*m, -16231 = -2*t + m. Calculate the greatest common divisor of 6 and t.
6
Let l(b) = -b**3 - 13*b**2 + 12*b + 22. Let z be l(-14). Suppose -z = -r - 0*r. Suppose 9*c = 4*c + r. Calculate the greatest common divisor of c and 70.
10
Let t(x) = x**2 - 4*x + 22. Suppose 32 = -2*u + 4*p, 14 + 41 = -4*u + 5*p. Let c be t(u). Calculate the highest common factor of 72 and c.
18
Let s be (-23)/(276/(-168)) - -446. Calculate the greatest common divisor of s and 253.
23
Suppose -4*k + 279 = 9*j, -4*k - 214 + 38 = -4*j. Let n = 44 - -47. What is the highest common divisor of j and n?
7
Suppose -40*n + 5*n = -8890. Suppose -n = 2*w - 1288. Calculate the highest common factor of 47 and w.
47
Let n(d) = 20*d - 80. Let b be n(4). Suppose b*r + 2*r = 16. Suppose -53 - 107 = -5*k. What is the highest common factor of r and k?
8
Let u(i) = 2*i**3 - 2*i + 3. Let z be u(2). Suppose 24*t - z*t - 99 = 0. Let p(h) = 8*h + 5. Let l be p(9). Calculate the highest common divisor of l and t.
11
Suppose -5*j + 34 = -3*t, 6*t = 5*j + 11*t - 50. Let b be 4 + -6 + (-2 - -6). What is the greatest common divisor of b and j?
2
Suppose 15*m - 240 = 39*m. Let f be 275/m*-2 - 0/(-7). What is the highest common factor of 5 and f?
5
Let h be (-33828)/(-84) - (-2)/7. Let l = h + -226. Suppose -477 = -2*v - l. What is the highest common divisor of 60 and v?
30
Let x be 243/(-3 + 0)*1. Let z = x - -268. Calculate the highest common divisor of 22 and z.
11
Let m = -21 - -45. Let g = -981 - -998. Suppose g*p - 866 = 766. Calculate the highest common divisor of p and m.
24
Let w = 9 + 29. Let o(x) = x**2 - 2. Let t be o(-2). What is the highest common factor of w and t?
2
Let z(x) = -18*x**2 + 3*x + 5. Let m be z(-1). Let k be (-12)/15*440/m. What is the highest common divisor of 88 and k?
22
Let t = 3257 - 3222. Calculate the greatest common divisor of 763 and t.
7
Suppose -5*n + 201 = 4*b, 6*b - b + 3*n - 261 = 0. Let w = -199 - -280. Calculate the highest common factor of w and b.
27
Let v(a) = -a**3 - 19*a**2 - 18*a + 5. Let i be v(-18). Suppose -3*s + 55 + 845 = 3*y, 0 = -i*s + 15. What is the highest common divisor of y and 66?
33
Suppose -11*f = -28 + 281. Let h(n) = -5*n + 44. Let r be h(f). Suppose -4*o + r - 63 = 0. What is the greatest common factor of o and 18?
6
Let a be 29 - (-45)/(3 - -6). Calculate the highest common factor of a and 255.
17
Suppose 2*u + 3*w = 9, -3*w + 31 = -2*u + 2*w. Let r be 3/3*(u + 14). Let y = -32 + 131. Calculate the greatest common factor of y and r.
11
Let l = 206 + 19. Let w = 1800 - 1700. What is the greatest common factor of l and w?
25
Suppose 8*n + 13*n - 54 - 114 = 0. Calculate the highest common divisor of 27 and n.
1
Let q = -222 + 228. Suppose 2*s = 3*x - 2325, q*s - 2328 = -3*x + 7*s. What is the highest common factor of x and 42?
21
Suppose q - 6*q = 5. Let c be (-28)/8*40/35. Let f be (q - c) + (-5 - -27). Calculate the greatest common factor of f and 25.
25
Let a = 180 + -228. Let i = a + 312. What is the highest common factor of i and 440?
88
Let m = 667 - 569. What is the greatest common divisor of 6 and m?
2
Let h = 22889 + -20815. Calculate the greatest common divisor of 782 and h.
34
Let s = 262 + -164. Suppose -3*f + 322 = 3*m - s, 5*f = 3*m - 380. What is the highest common divisor of 15 and m?
15
Let f(l) = -13*l**3 + 5*l**2 + 3*l + 1. Let k be -2 + 5 + (-3 - 2). Let j be f(k). Calculate the highest common divisor of 17 and j.
17
Let v(h) = -76*h - 2691. Let p be v(-36). Let x be (-4054)/(-18) - 4/18. Calculate the greatest common divisor of p and x.
45
Suppose -49*d - 2384 = -12380. What is the highest common divisor of 238 and d?
34
Let g = 138 - 129. Suppose 6*r - g*r + 1392 = 0. Calculate the highest common factor of r and 48.
16
Let x be (594/(-36))/((-3)/46). What is the highest common factor of x and 345?
23
Let t = 4307 - 4151. Suppose -4*l + 52 = -3*l. Suppose -169 + l = -3*w. Calculate the highest common factor of t and w.
39
Suppose 0 = 11*y - 8*y - 3*s - 1647, 5*y - 2772 = -4*s. Calculate the highest common divisor of y and 483.
69
Let k(s) = -37*s**3 - 5*s - 12. Let n be (-8*(-9)/18)/(-2). Let b be k(n). What is the highest common divisor of b and 28?
14
Suppose -6 = 2*u, 5*b - 194 = 2*u + 232. Let x(p) = 2*p + 57. Let h be x(-18). Calculate the greatest common factor of b and h.
21
Let v be 6/(-57) + 136/(-152). Let y be 2/v*(-6 + -1). Calculate the greatest common factor of 4 and y.
2
Let b be 13 + -18 + (-7)/(14/(-2130)). Calculate the greatest common factor of 8 and b.
4
Let u be ((3192/16)/(-19) - -9)*(-136)/6. Calculate the greatest common factor of u and 15742.
34
Suppose -171*h - 664 = -589*h + 172. What is the highest common factor of 707 and h?
1
Suppose -4*w = w - 15, -2*r + 33 = 5*w. Let f be 28 + -7 - (r/3)/(-3). Let v = -2 - -4. Calculate the greatest common divisor of v and f.
2
Let u = -9 + 29. Let h(d) = -d**2 + 23*d. Let a be h(u). What is the greatest common divisor of a and 24?
12
Suppose -2*j = a - 18, -42 + 16 = -2*j - 3*a. Let p = 70 + -42. Let r be (-2)/7 - (-1576)/p. Calculate the greatest common factor of j and r.
7
Let s = -5 - -12. Let r(j) = -j**2 + 22*j + 106. Let t be r(26). Suppose -q - d + 28 = 4, -57 = -3*q + t*d. What is the highest common factor of q and s?
7
Suppose -2*r - 3*y = 143, -4*y = 5*r + 367 + 1. Let i = -46 - r. Suppose 2*v + 2*a = i, 2*v - 3*a - 18 = -3. Calculate the highest common divisor of 108 and v.
12
Let d = -18 + 40. Let i = 0 - -2. Suppose 344 = i*q - 11*w + 9*w, 3*q + w - 532 = 0. Calculate the greatest common factor of d and q.
22
Suppose -21*r + 25*r = -2*v + 394, 5*v - 3*r = 920. Calculate the highest common factor of v and 1241.
17
Suppose 0 = -5*z - 0*z + 460. Let v be (-301881)/(-2141) - (-1 + 4/1). Calculate the greatest common factor of z and v.
46
Suppose 5*r = -4*t + 24915, 1288*r - 1286*r - 18681 = -3*t. Calculate the greatest common factor of 150 and t.
75
Let k = -1246 + 1275. Calculate the greatest common factor of k and 1.
1
Suppose 0 = -5*a - 5*t + 5785, -7*a = -7*t + 6*t - 8123. Calculate the g